highest common factor of 63 and 29844?
9
Calculate the greatest common factor of 6826032 and 458.
458
What is the greatest common factor of 15614 and 13504?
422
Calculate the greatest common divisor of 2037228 and 48.
12
What is the highest common divisor of 2162713 and 707?
707
Calculate the highest common divisor of 1170 and 3055.
65
Calculate the highest common divisor of 395580 and 180.
60
What is the highest common factor of 405 and 149580?
135
Calculate the greatest common divisor of 45150 and 490.
70
What is the greatest common divisor of 221793 and 429?
429
Calculate the highest common factor of 92690 and 416.
26
What is the highest common divisor of 225 and 80025?
75
What is the highest common divisor of 66 and 524040?
66
What is the highest common divisor of 4790 and 490?
10
Calculate the greatest common factor of 1281 and 735.
21
Calculate the highest common divisor of 800 and 1051700.
100
What is the greatest common divisor of 1963 and 54925?
13
What is the greatest common factor of 274416 and 816?
48
Calculate the greatest common factor of 825 and 330.
165
What is the highest common factor of 11111 and 171001?
271
Calculate the greatest common factor of 3874 and 39.
13
Calculate the greatest common factor of 12 and 1452.
12
What is the highest common divisor of 233 and 13?
1
Calculate the greatest common divisor of 140 and 627970.
70
What is the highest common factor of 103164 and 24?
12
Calculate the greatest common factor of 32320 and 1864.
8
Calculate the highest common factor of 16132 and 16677.
109
Calculate the greatest common factor of 121 and 117007.
121
What is the greatest common factor of 459 and 10476?
27
What is the highest common divisor of 2260 and 108593?
113
What is the highest common divisor of 159326 and 87?
29
Calculate the highest common divisor of 115938 and 113.
113
What is the greatest common divisor of 375 and 9465?
15
What is the highest common factor of 38962 and 11165?
77
What is the highest common factor of 3064 and 4979?
383
What is the greatest common factor of 1630 and 3310?
10
What is the highest common factor of 1970206 and 14?
14
Calculate the highest common divisor of 140 and 55832.
28
What is the highest common divisor of 440 and 9944?
88
Calculate the greatest common factor of 27 and 231669.
9
Calculate the highest common factor of 172 and 31046.
86
Calculate the highest common divisor of 32224 and 10336.
608
Calculate the highest common factor of 15836 and 740.
148
What is the highest common factor of 112616 and 112?
56
Calculate the greatest common divisor of 1332 and 246864.
444
What is the highest common factor of 168 and 83489?
7
Calculate the highest common factor of 174691 and 11.
11
Calculate the greatest common factor of 472 and 17818.
118
Calculate the greatest common divisor of 41760 and 280.
40
Calculate the greatest common factor of 22 and 166298.
22
What is the greatest common factor of 1016 and 64516?
508
Calculate the greatest common factor of 1061728 and 32.
32
What is the highest common divisor of 9867 and 138?
69
Calculate the highest common divisor of 548 and 734731.
137
What is the highest common factor of 106 and 1754?
2
Calculate the highest common factor of 168 and 14096.
8
What is the highest common factor of 84 and 332?
4
What is the highest common factor of 1599659 and 83?
83
What is the greatest common factor of 199 and 3201910?
199
What is the highest common divisor of 1180 and 6785?
295
What is the highest common divisor of 52930 and 7370?
670
Calculate the highest common factor of 63 and 6190212.
21
Calculate the highest common factor of 20790 and 12960.
270
What is the greatest common divisor of 1520 and 29830?
190
Calculate the greatest common divisor of 1038 and 1662.
6
Calculate the greatest common factor of 625 and 132000.
125
What is the greatest common factor of 414 and 34546?
46
Calculate the greatest common divisor of 39944 and 56.
8
What is the greatest common factor of 8003 and 1208?
151
What is the highest common divisor of 7533 and 6479?
31
Calculate the greatest common divisor of 12 and 799548.
12
What is the highest common divisor of 123189 and 132?
33
What is the greatest common divisor of 225 and 270870?
15
What is the highest common factor of 7088 and 144?
16
Calculate the greatest common factor of 9078 and 12240.
102
What is the greatest common divisor of 2691900 and 25?
25
What is the highest common divisor of 7273 and 105?
7
Calculate the highest common factor of 21 and 66717.
21
What is the highest common factor of 465 and 16089?
93
Calculate the highest common factor of 33 and 438482.
11
What is the greatest common factor of 1148 and 94556?
28
What is the greatest common factor of 30969 and 27?
27
What is the highest common divisor of 19500 and 546?
78
Calculate the greatest common factor of 176143 and 33.
11
Calculate the greatest common factor of 11 and 5196939.
11
What is the greatest common divisor of 88 and 25014?
22
Calculate the highest common divisor of 1068 and 108046.
178
What is the highest common factor of 9368 and 10440?
8
What is the highest common factor of 27 and 335763?
9
Calculate the highest common divisor of 63423 and 609.
87
Calculate the greatest common divisor of 5 and 1128100.
5
Calculate the greatest common divisor of 234481 and 663.
221
Calculate the highest common divisor of 34 and 47600.
34
What is the greatest common divisor of 145 and 267931?
29
What is the greatest common factor of 8 and 429304?
8
Calculate the highest common factor of 178286 and 97.
97
Calculate the highest common divisor of 89 and 396673.
89
What is the greatest common factor of 70 and 26194?
14
What is the greatest common factor of 16632 and 62139?
231
What is the highest common divisor of 7 and 40453?
7
What is the highest common factor of 440 and 12472?
8
Calculate the highest common divisor of 5796 and 2760.
276
What is the greatest common divisor of 685266 and 724?
362
Calculate the greatest common factor of 61670 and 40.
10
What is the highest common divisor of 10248 and 658?
14
What is the greatest common divisor of 26 and 3302?
26
Calculate the greatest common factor of 1274 and 4914.
182
Calculate the greatest common divisor of 1218 and 470274.
42
What is the highest common divisor of 323081 and 23?
23
Calculate the greatest common divisor of 23 and 66263.
23
What is the greatest common divisor of 3130 and 2480?
10
What is the highest common factor of 3635664 and 64?
16
What is the highest common divisor of 1350756 and 81?
81
Calculate the highest common divisor of 2637 and 5436.
9
What is the greatest common divisor of 1692 and 2844?
36
Calculate the greatest common factor of 770 and 1606.
22
What is the highest common divisor of 5416 and 142847?
677
What is the greatest common factor of 84 and 80367?
21
Calculate the highest common factor of 1568590 and 850.
170
What is the greatest common factor of 2525395 and 194?
97
What is the greatest common factor of 1280 and 39760?
80
What is the highest common divisor of 842910 and 60?
30
Calculate the greatest common factor of 19126 and 4061.
131
What is the greatest common factor of 144 and 85494?
6
What is the highest common divisor of 187 and 598519?
17
Calculate the greatest common divisor of 1342 and 1496.
22
What is the greatest common factor of 42 and 55293?
21
What is the highest common factor of 1511 and 89?
1
What is the greatest common divisor of 138042 and 234?
18
Calculate the greatest common divisor of 306356 and 342.
38
Calculate the highest common divisor of 99 and 64647.
99
What is the greatest common factor of 3507 and 41013?
21
Calculate the highest common factor of 43146 and 17.
17
Calculate the highest common divisor of 1008 and 480312.
504
What is the highest common divisor of 2632404 and 4452?
636
Calculate the highest common divisor of 6 and 316.
2
What is the greatest common divisor of 99 and 17793?
9
Calculate the highest common factor of 7526943 and 9.
9
Calculate the highest common factor of 391681 and 183.
61
Calculate the greatest common factor of 32 and 288676.
4
What is the highest common factor of 50325 and 35475?
825
What is the greatest common factor of 19 and 1160?
1
What is the highest common divisor of 318 and 94287?
159
What is the greatest comm